/(7/(-10)))/2. Let t = -2 + i. Suppose 0 = -2*u + 33 + 15. Calculate the highest common factor of t and u.
3
Let s(d) be the first derivative of d**4/4 + 4*d**3/3 - 3*d**2 - 4. Let q be s(-5). What is the greatest common factor of 25 and q?
5
Let q(d) = -d. Suppose 0 = -2*f + 7 - 1. Let r be q(f). Let j be 28 + -1 + (-4 - r). What is the greatest common divisor of 13 and j?
13
Let u be (20/(-6))/((-10)/15). Let o = u - 4. What is the greatest common divisor of 9 and o?
1
Let o be (16/10)/((-5)/750*-6). What is the highest common factor of 8 and o?
8
Let k(i) be the first derivative of -2*i**2 - 2 + i + 0 + 1. Let t be k(-1). What is the greatest common factor of t and 35?
5
Let z be (8/10)/(6/15). Suppose 0*m = -4*h - 2*m + 8, 0 = 3*h + m - 8. Let f be (6/(-9))/(h/(-30)). Calculate the highest common factor of z and f.
1
Suppose 5*c - 70 = -4*h, 9*c - 70 = 4*c + 4*h. What is the greatest common factor of 49 and c?
7
Let g = -18 - -32. Suppose -5*m + 112 + 98 = 0. Calculate the greatest common divisor of m and g.
14
Let h be 3 - -6*9/6. Suppose -3*z = 2*z - 15. Suppose -q = 3*q + 4, -87 = -z*s - 3*q. Calculate the highest common factor of s and h.
6
Let l = 13 - 8. Suppose -4*r + 4 = k - 14, l*k - 75 = -5*r. Let o(x) = 29*x**2 + 2*x. Let n be o(-2). Calculate the greatest common factor of n and k.
14
Let y(s) = 5*s**2 - s. Suppose -10 = -6*n + 2. Let r be y(n). What is the greatest common factor of r and 162?
18
Let t be 125/10*24/5. Let q = -40 + t. Calculate the highest common factor of q and 5.
5
Let w(m) = -5*m - 2. Let f be w(-1). Suppose 39 = f*y - 27. What is the greatest common factor of y and 154?
22
Suppose -2*x = -0*x + 8. Let c be x*-2*2/8. Let z be 12 + 3/((-3)/c). What is the highest common divisor of 40 and z?
10
Suppose 2*u + 4*v - 29 = 15, u - 10 = 2*v. Let t be (10/(-4))/((-1)/16). Let n = 104 - t. Calculate the greatest common factor of u and n.
16
Suppose -2*x = 5*x - 168. What is the highest common divisor of x and 16?
8
Suppose 6*q = 11*q - 5. Let t = -1 + q. Let f = 5 - t. Calculate the highest common divisor of f and 5.
5
Let f(u) = -u**2 + 15*u + 21. Let a be f(9). Calculate the greatest common factor of 15 and a.
15
Suppose -4*b = -29 - 35. Suppose b = f + f. Calculate the greatest common divisor of f and 16.
8
Suppose 0 = l + 2*k - 4*k - 26, l - 3*k = 24. What is the greatest common factor of 75 and l?
15
Let b(q) = q**2 + 3*q - 4. Let w be b(-5). Let p(k) = -47*k**3 + 3*k**2 - 2*k - 4. Let n be p(-1). Calculate the greatest common divisor of n and w.
6
Let y = 1 + 1. Let k = -62 + 106. Suppose -4*j + 46 = 3*f - 3*j, 0 = -y*f + 2*j + k. What is the greatest common factor of 68 and f?
17
Suppose 2*q + 0*r = -5*r + 52, r = -2*q + 68. What is the highest common factor of q and 9?
9
Suppose -k + c = -0*k + 1, 4*k + 5*c = 32. Calculate the greatest common divisor of k and 12.
3
Let h = 23 + 121. What is the highest common factor of 18 and h?
18
Suppose 3*h - 200 = -8*x + 3*x, 5*h = -5*x + 190. Suppose 96 = -5*i + i. Let l = i + x. What is the highest common factor of 209 and l?
19
Suppose 0*y - y + 27 = 0. Suppose 4*w = -y + 183. What is the greatest common divisor of 13 and w?
13
Suppose 53 = 3*v + 4*u, 5*v + u = 2*u + 96. Let o be (7/2)/((-1)/(-38)). Calculate the greatest common divisor of o and v.
19
Suppose -3*z = -8 - 4, 3*k = 2*z + 142. Suppose 0*x + 4*x = 20. Suppose 4*p + 20 = x*p. Calculate the highest common factor of k and p.
10
Let v = -7 + 20. Suppose 2*q + 0*a = -2*a - 8, -4*q - 3*a - v = 0. Let d be (6 + -3)/(q/(-8)). What is the greatest common factor of d and 36?
12
Let n = -15 + 15. Suppose -2*v + 5*k = -122 - 433, n = -5*v + 5*k + 1380. What is the greatest common divisor of 25 and v?
25
Suppose -2*s + 3 = -1. Suppose s*t = 6 + 6. What is the greatest common divisor of 15 and t?
3
Suppose 2*q + 3*q - 20 = 0. Let d = 14 + -2. Calculate the highest common divisor of q and d.
4
Let s be (-4)/(-10)*30/1. Suppose 0 = 3*a + a - s. Suppose 2*q - a = -q, q = 3*t - 296. What is the highest common factor of 9 and t?
9
Let t(s) = s**2 - 5*s + 2. Let o be t(5). What is the greatest common factor of 1 and o?
1
Suppose 6*k + 24 = 4*d + 2*k, -4*d - 2*k = -24. Calculate the greatest common factor of d and 48.
6
Let d be (-78)/8*160/(-30). Calculate the highest common factor of 13 and d.
13
Suppose -9*p + 13*p = 288. Let l be 0 + 1 + 1 + 7. Calculate the greatest common factor of l and p.
9
Let u(x) = -2*x**2 + 9*x - 1. Let h(d) = -3 + 4*d + 2 + 4*d - d**2. Let y(a) = 7*h(a) - 6*u(a). Let j be y(-2). What is the greatest common factor of j and 5?
5
Let w = -261 - -533. Calculate the highest common factor of w and 17.
17
Let p(f) = 3*f**2 - 2*f - 4. Let l be p(-4). Suppose u + 5*a + 0*a = -2, -41 = -2*u + 5*a. Calculate the greatest common factor of l and u.
13
Let j(a) = 4*a + 6. Let v be j(-6). Let p = 87 - v. Let x(m) = -m**2 + 10*m - 6. Let l be x(7). Calculate the highest common divisor of p and l.
15
Suppose -2*x = -x - 3*n - 11, 12 = -4*x - 2*n. Let t be x/(-4) - (-766)/8. Calculate the greatest common divisor of t and 16.
16
Let n = 172 - 314. Let c = -61 - n. Let i(p) = -p**2 + 9. Let b be i(0). What is the greatest common divisor of b and c?
9
Suppose 6*q = 73 + 143. Suppose -3*p + p = -8. Calculate the greatest common factor of p and q.
4
Suppose -2*h = -4*h + 330. Calculate the highest common divisor of h and 15.
15
Let x = 6 + -3. Let z = 1 - x. Let u be (44/(-16))/(z/8). Calculate the highest common factor of u and 77.
11
Let m(s) = -5*s + 72. Let p be m(14). What is the highest common factor of 8 and p?
2
Let z(k) = k**2 + 6*k - 2. Let y be z(-6). Let u be 309/21 + y/(-7). Let d = 1 - -4. Calculate the highest common divisor of u and d.
5
Let d be (-5 + 3 - 1) + 26. Calculate the greatest common factor of d and 138.
23
Let v be ((-6)/(-9))/((-2)/(-3)). What is the greatest common divisor of 8 and v?
1
Suppose 0 = -2*l + 2*z + 66, -2*z + 3*z = 2. Suppose 3*c - 5 - 16 = 0. Suppose j - 2*j + c = 0. What is the highest common divisor of j and l?
7
Let r(b) be the first derivative of b**3 + 2*b**2 - 2*b + 9. Let u be r(-4). Calculate the highest common divisor of 6 and u.
6
Suppose -7*s = -4*s - 72. What is the highest common factor of 48 and s?
24
Let v(s) = s**3 - 4*s**2 + 5. Let k be v(4). Calculate the highest common factor of 55 and k.
5
Suppose 3*t + 15312 = 6*t. Let b be t/64 + 2/8. What is the highest common divisor of 10 and b?
10
Suppose -p - 48 = -5*p. Calculate the highest common factor of 48 and p.
12
Suppose -5*g = 2*k - 0*g - 8, 0 = 3*k + 3*g - 30. Calculate the highest common factor of 112 and k.
14
Let s(x) = -3 + 4*x - x**2 + 2 + 0*x**2. Let w be s(4). Let q be 75 + (0 - w/1). Calculate the highest common divisor of 19 and q.
19
Suppose 5 - 1 = h. Suppose -4*t = -12 - 0, 2*t = j + 6. Suppose 2*k - 61 + 5 = j. What is the greatest common divisor of k and h?
4
Let q be 7/(-1*(2 - 1)). Let f = 10 + q. Suppose 7*n - 24 = 2*n - f*j, -n = 3*j. Calculate the highest common factor of 6 and n.
6
Let l = -4 - -13. Calculate the greatest common divisor of 45 and l.
9
Suppose 4*p + 28 = 92. What is the highest common factor of p and 80?
16
Suppose 3*b - 50 = 4*j, 64 = 5*b + 2*j + j. What is the greatest common factor of b and 28?
14
Let y(f) = 5*f**2 + f. Let b be y(-1). Suppose -b*j + 70 = j. Let g(z) = 17*z + 2. Let c be g(4). What is the greatest common divisor of j and c?
14
Suppose 2 + 2 = 2*l. Let c be 7/l*(4 + 18). What is the greatest common divisor of c and 7?
7
Let o = 18 - 6. What is the highest common divisor of o and 108?
12
Suppose 0 = 4*u - 3*j - 14, u - 2*j = 2*u - 9. Let w = 211 + -333. Let y be 4/(-6) + w/(-3). Calculate the highest common factor of y and u.
5
Let f(m) = -9*m - 84. Let j be f(-13). Calculate the highest common divisor of 99 and j.
33
Let g be (3 - (-4)/(-2))*67. Suppose -5*k + g + 213 = 0. Suppose 2*m + 1 = 17. What is the greatest common factor of m and k?
8
Suppose 6*m = 4 + 32. Suppose 3*b - 60 = -l - 3*l, -5*l + 5*b + 75 = 0. Calculate the highest common factor of m and l.
3
Let r be 42/(1/(-4)*-6). Calculate the greatest common divisor of 14 and r.
14
Suppose -18 = -4*u - 2*y, 3*u + 4*y = -2*u + 21. Let z = -56 - -66. What is the highest common divisor of z and